{"id":52,"date":"2019-03-08T13:30:12","date_gmt":"2019-03-08T12:30:12","guid":{"rendered":"http:\/\/www.selbstgemacht.co.at\/aikido\/?page_id=52"},"modified":"2022-03-19T20:01:47","modified_gmt":"2022-03-19T19:01:47","slug":"downloads","status":"publish","type":"page","link":"http:\/\/www.selbstgemacht.co.at\/aikido\/downloads\/","title":{"rendered":"Downloads"},"content":{"rendered":"\n<p><a href=\"http:\/\/www.selbstgemacht.co.at\/aikido\/wp-content\/uploads\/2019\/03\/AAVB-Brosch\u00fcre-AIKIDO-Grundlagen-1.3.pdf\">Aikido Grundlagen<\/a><\/p>\n\n\n\n<p><a href=\"http:\/\/www.selbstgemacht.co.at\/aikido\/wp-content\/uploads\/2022\/03\/Plakat-Anfaengertraining-Fruehling-2022.pdf\">Plakat Anf\u00e4ngerkurs Fr\u00fchling 2022<\/a><\/p>\n\n\n\n<p> <a href=\"http:\/\/www.selbstgemacht.co.at\/aikido\/wp-content\/uploads\/2022\/03\/Plakat-Anfaengertraining-Einfach-2022.pdf\">Plakat Anf\u00e4ngerkurs einfach 2022<\/a> <\/p>\n\n\n\n<p><\/p>\n","protected":false},"excerpt":{"rendered":"<p>Aikido Grundlagen Plakat Anf\u00e4ngerkurs Fr\u00fchling 2022 Plakat Anf\u00e4ngerkurs einfach 2022<\/p>\n","protected":false},"author":1,"featured_media":0,"parent":0,"menu_order":0,"comment_status":"closed","ping_status":"closed","template":"","meta":{"ngg_post_thumbnail":0,"footnotes":""},"class_list":["post-52","page","type-page","status-publish","hentry"],"_links":{"self":[{"href":"http:\/\/www.selbstgemacht.co.at\/aikido\/wp-json\/wp\/v2\/pages\/52","targetHints":{"allow":["GET"]}}],"collection":[{"href":"http:\/\/www.selbstgemacht.co.at\/aikido\/wp-json\/wp\/v2\/pages"}],"about":[{"href":"http:\/\/www.selbstgemacht.co.at\/aikido\/wp-json\/wp\/v2\/types\/page"}],"author":[{"embeddable":true,"href":"http:\/\/www.selbstgemacht.co.at\/aikido\/wp-json\/wp\/v2\/users\/1"}],"replies":[{"embeddable":true,"href":"http:\/\/www.selbstgemacht.co.at\/aikido\/wp-json\/wp\/v2\/comments?post=52"}],"version-history":[{"count":9,"href":"http:\/\/www.selbstgemacht.co.at\/aikido\/wp-json\/wp\/v2\/pages\/52\/revisions"}],"predecessor-version":[{"id":219,"href":"http:\/\/www.selbstgemacht.co.at\/aikido\/wp-json\/wp\/v2\/pages\/52\/revisions\/219"}],"wp:attachment":[{"href":"http:\/\/www.selbstgemacht.co.at\/aikido\/wp-json\/wp\/v2\/media?parent=52"}],"curies":[{"name":"wp","href":"https:\/\/api.w.org\/{rel}","templated":true}]}}